= 16*d**2 + 2*d - 1. What is the remainder when u is divided by q(1)?
15
Suppose r - 6 = -5*z + 45, 5*r = z + 359. Calculate the remainder when r is divided by 18.
17
Let t = -143 + 213. Suppose 0*o = -p + 5*o + 8, -5*p + t = 5*o. What is the remainder when 48 is divided by p?
9
Suppose -4*d + 5*y + 163 = 0, d = y - 7 + 49. Calculate the remainder when d is divided by 10.
7
Let j be (-6)/(-8) + (-345)/(-20). Suppose -j - 2 = -4*b. Suppose -4*a + 14 = -3*a. What is the remainder when a is divided by b?
4
Let s(n) = n**3 + n**2 - n - 2. Let q be s(0). Suppose -i + 0*i - 7 = -x, 3*i - 39 = -3*x. Calculate the remainder when 1 - (q + 0 + -16) is divided by x.
9
Let t(p) = -p**3 + 6*p**2 - 5*p - 3. Let f be t(5). Let c = 10 - f. Calculate the remainder when c is divided by 5.
3
Let j = 45 - 34. What is the remainder when 43 is divided by j?
10
Let k = -84 - -97. What is the remainder when 61 is divided by k?
9
Suppose -5*m - 4*u + u = -28, -3*m + 2*u = -13. Let i(l) = -2*l + 3. Let k be i(6). Let t = 12 + k. What is the remainder when m is divided by t?
2
Let w be 2/8 - (-11)/4. What is the remainder when 23 is divided by (-16)/w*15/(-10)?
7
Let y be 116/6*27/(-18). Let f = 48 + y. Calculate the remainder when 56 is divided by f.
18
What is the remainder when 71 is divided by (3 + 0)*20/5?
11
Let o(m) = -31*m - 3. Calculate the remainder when o(-1) is divided by 10.
8
Let t(d) = -2*d - 6. Calculate the remainder when 9 is divided by t(-5).
1
Suppose 3*q - 31 - 5 = 0. Suppose l + 2*l + 699 = 0. What is the remainder when 20/50 - l/5 is divided by q?
11
Let w be (-6)/(-4)*(-2)/3. Suppose 3*h + 0 - 9 = 0. Let s = h + w. Calculate the remainder when 4 is divided by s.
0
Suppose -5*o - 16 = -396. Let z = o - 46. Calculate the remainder when z is divided by 11.
8
Let n = 19 + 45. Calculate the remainder when n is divided by 11.
9
Let v = -22 + 35. Suppose -138 = -4*p + 3*q, p - 4*q = v + 15. Let g = p + -24. Calculate the remainder when 34 is divided by g.
10
Let y = 21 - 7. Let h = y + -10. What is the remainder when 6 is divided by h?
2
Let j be 3/1 - (-22)/(-2). Let n(f) = -f**2 - 9*f + 2. Calculate the remainder when 27 is divided by n(j).
7
Let f = 149 + -62. Calculate the remainder when f is divided by 22.
21
Let x = 72 - 41. Let u be 13 + 3/(-6)*4. Suppose -f + 5 = -u. What is the remainder when x is divided by f?
15
Suppose 35 = 3*z + 5. Suppose 0 = -2*h + b - 7, -3*h = -3*b + 14 - 2. Let m(i) = 4*i**2 + 2*i - 2. What is the remainder when m(h) is divided by z?
8
Let a be 2 + (2 - (-3)/(-3)). Suppose 3 = -a*h + 36. Let o = 22 - 1. Calculate the remainder when o is divided by h.
10
Let k = 104 - 56. Suppose 3*v = 36 + k. Suppose -4*g + v = 4*h, 5*h + 0*h = -4*g + 40. Calculate the remainder when 33 is divided by h.
9
Let k = 58 + -40. Calculate the remainder when 71 is divided by k.
17
Suppose -4*l = 3*z - 9*l - 160, 0 = 5*z - l - 230. Suppose 0 = -4*j + 107 + z. What is the remainder when j is divided by 10?
8
Let b = -118 - -148. Calculate the remainder when 85 is divided by b.
25
Calculate the remainder when 13 is divided by (-2)/4 - 54/(-12).
1
Suppose 0*m = 2*m. Suppose 0 = -2*d + 27 + 1. Suppose m*g + g - d = 0. Calculate the remainder when 27 is divided by g.
13
Suppose -2*d - 3*d + 15 = 3*y, 3*d = 0. Suppose 5*i = 3*i + 26. What is the remainder when i is divided by y?
3
Let p = 93 + -37. Let y = -38 + p. Calculate the remainder when 53 is divided by y.
17
Let n = -22 + 25. Let r = -9 + 12. Calculate the remainder when n is divided by r.
0
Suppose q - 30 = -3*x, 102 = 3*q + 3*x - 6*x. What is the remainder when q is divided by 17?
16
Let k(d) = -8*d + 4. Let i be k(4). Calculate the remainder when 30 is divided by 45/4 - (-7)/i.
8
Let n(q) = -3*q - 2. Let j be n(-2). Suppose j*b = 3*c - 77, 105 = 5*c - b - b. Calculate the remainder when 55 is divided by c.
17
Let n = -3 - -6. Let d = 15 - 8. Calculate the remainder when d is divided by n.
1
Let c = 71 + -45. Calculate the remainder when 49 is divided by c.
23
Suppose 3*w + 93 = 39. Let u = -10 - w. What is the remainder when 21 is divided by u?
5
Let p be (-9)/3 - (-1 - 2). Let m(g) = -g**3 + g**2 + 10. What is the remainder when m(p) is divided by 0 - (1 + -1) - -3?
1
Let f(u) = -38*u**3 + u**2 + u + 1. Let s be (-8)/12*(-6)/(-4). Calculate the remainder when f(s) is divided by 20.
19
Let w be (-6)/(-27) - (-34)/9. Suppose 2*k + 86 = -w*m, -m - 5*k + 100 = -6*m. Let b = m - -33. Calculate the remainder when 33 is divided by b.
9
Let s = 1 + 13. What is the remainder when s is divided by 6?
2
Let n(u) = -u**2 - u + 3. Let p be n(-3). Let b be (-6)/(-4)*(-2)/p. What is the remainder when 13 is divided by 5 + ((-2)/(-2) - b)?
3
Let y(w) = 2*w + 11. Let b(x) = -x**3 + 5*x**2 - 3*x. Let z be b(3). What is the remainder when y(z) is divided by 8?
5
What is the remainder when 23 is divided by -1 + (3/((-6)/8) - -12)?
2
Let h = 46 - 24. Calculate the remainder when h is divided by 12.
10
Let h = -51 - -63. What is the remainder when h is divided by 3?
0
Let y(o) = o**3 + 14*o**2 - 7*o - 21. Suppose f - 23 = -3. Calculate the remainder when y(-14) is divided by f.
17
Suppose 2*l + 0*b = 5*b + 8, 2*l + 5*b = 28. Suppose 20 = u + 3*u. Calculate the remainder when l is divided by u.
4
Suppose -3*q - q = 2*k - 16, -3*k - 4*q + 22 = 0. Suppose -4*i + a + 16 - 2 = 0, 4*i = -3*a + k. What is the remainder when 10 is divided by i?
1
Suppose -5*h = -k + 17, 2*k = -3*k - 2*h + 31. Let i(u) = -u**3 - 3*u**2 + 7*u + 23. What is the remainder when i(-4) is divided by k?
4
Suppose 4*j = -2*a + 94, 5*a = 4*j + j + 280. What is the remainder when a is divided by 28?
25
Let p(d) = d**3 - 6*d + 8. Let y be p(6). Suppose -y = -3*u + 7. What is the remainder when u is divided by 17?
14
Let n(u) = -10*u + 92. What is the remainder when 0 - (22 + 1)*-1 is divided by n(8)?
11
Let s = -466 - -124. What is the remainder when (18*2 - 3) + -3 is divided by s/(-21) - 4/14?
14
Suppose 4*u = -2*z + 148, 4*z - 62 = 2*u - 4*u. What is the remainder when u is divided by 20?
19
Let g(o) = 27*o**2 + o + 1. Suppose -5*m + 61 = 3*q + 17, -q = 2*m - 18. Calculate the remainder when g(-1) is divided by m.
7
Let o(c) = -c - 12. Let x be o(-13). Let a = 60 + -22. Calculate the remainder when a is divided by (16 - 9/3)*x.
12
Suppose -5*g - 4*a + 234 = 0, -8*a = 5*g - 5*a - 233. Calculate the remainder when g is divided by 26.
20
What is the remainder when 69 is divided by (-39)/13*1*-3?
6
Suppose 0 = -4*w + 2*w + 24. What is the remainder when 28 is divided by w?
4
Let y(q) = q**2 + 2*q - 1. What is the remainder when 2/(-9) - (-119)/9 is divided by y(-4)?
6
Let s(v) = 22*v - 2. Let q be s(2). Let g(n) = n**2 - 4*n + 2. Let r be g(4). Calculate the remainder when 0 - (-1 - (q - r)) is divided by 14.
13
Let t(n) = 6*n**2 + n. Suppose 8 = 4*i - 12. Suppose -5*y + 15 = i. What is the remainder when t(y) is divided by 14?
12
Let t = 246 - 97. What is the remainder when t is divided by 30?
29
Let r be 3*(-2)/(1 - 3). Suppose -t + 42 = -4*h - 13, -4*h + 197 = r*t. Calculate the remainder when t is divided by 16.
15
Suppose 5*k + 119 - 499 = 0. Let o = -21 - -24. Suppose 5*i + s = 90, -o*i - 7*s = -2*s - k. Calculate the remainder when i is divided by 10.
7
Let m = 1 - -1. Calculate the remainder when m is divided by 1.
0
Let l = -71 + 166. What is the remainder when l is divided by 16?
15
Suppose 0 = -m + 6 - 1. Suppose 2 = m*w - 38. Let k = -2 - -5. What is the remainder when w is divided by k?
2
Let p(m) = m**3 - 14*m**2 + 16*m + 3. Calculate the remainder when p(13) is divided by 11.
9
Suppose 0 = -v + 85 + 45. Suppose -8*w = -3*w - v. Calculate the remainder when 76 is divided by w.
24
Suppose m + 3 = 0, 2*m = -l + 5*l - 370. What is the remainder when l is divided by 31?
29
Suppose 0 = 3*i + 3*n - 72, 4*i - 6*n - 141 = -n. What is the remainder when 84 is divided by i?
26
Suppose -l + 4*l - 255 = 0. Suppose -v = -3*z + 4*v + l, 2*z + 5*v = 40. Suppose 4*t - 45 = 7. Calculate the remainder when z is divided by t.
12
What is the remainder when 15 is divided by (-21)/(-4) + (90/24 - 4)?
0
Let l = 0 + 3. Let j be (-10)/l*(-6)/5. What is the remainder when 12 is divided by ((-14)/j)/((-2)/4)?
5
Suppose 0 = 12*m - 610 - 494. What is the re